{"id":767,"date":"2025-03-15T08:53:55","date_gmt":"2025-03-15T07:53:55","guid":{"rendered":"https:\/\/apetuilerie.fr\/?page_id=767"},"modified":"2025-03-15T09:02:52","modified_gmt":"2025-03-15T08:02:52","slug":"caranaval-depagny-metz-tessy-2025","status":"publish","type":"page","link":"https:\/\/apetuilerie.fr\/caranaval-depagny-metz-tessy-2025\/","title":{"rendered":"Caranaval d&rsquo;Epagny Metz-Tessy 2025"},"content":{"rendered":"\n<p class=\"has-medium-font-size\">Date : samedi <strong>29 mars 202<\/strong>5<\/p>\n\n\n\n<div class=\"wp-block-media-text alignwide has-media-on-the-right is-stacked-on-mobile\" style=\"grid-template-columns:auto 41%\"><figure class=\"wp-block-media-text__media\"><img loading=\"lazy\" decoding=\"async\" width=\"683\" height=\"1024\" src=\"https:\/\/apetuilerie.fr\/wp-content\/uploads\/2025\/03\/Affiche-683x1024.jpeg\" alt=\"\" class=\"wp-image-769 size-full\" srcset=\"https:\/\/apetuilerie.fr\/wp-content\/uploads\/2025\/03\/Affiche-683x1024.jpeg 683w, https:\/\/apetuilerie.fr\/wp-content\/uploads\/2025\/03\/Affiche-600x900.jpeg 600w, https:\/\/apetuilerie.fr\/wp-content\/uploads\/2025\/03\/Affiche-200x300.jpeg 200w, https:\/\/apetuilerie.fr\/wp-content\/uploads\/2025\/03\/Affiche-768x1152.jpeg 768w, https:\/\/apetuilerie.fr\/wp-content\/uploads\/2025\/03\/Affiche.jpeg 896w\" sizes=\"auto, (max-width: 683px) 100vw, 683px\" \/><\/figure><div class=\"wp-block-media-text__content\">\n<h2 class=\"wp-block-heading\"> Programme des festivit\u00e9s<\/h2>\n\n\n\n<p><\/p>\n\n\n\n<ul class=\"wp-block-list\" id=\"block-a1580076-31c5-4b17-b886-7d1c4a7af605\"><li>14h00 : accueil au complexe sous-lettraz<\/li><li>15h00 : D\u00e9part de la parade au complexe Sous-Lettraz<\/li><li>15h00 : Prestation musicale de LEIM<\/li><li>Concert de G\u00e9D\u00e9Hem (Rythm&amp;Blues)<\/li><li>Buvette et Go\u00fbter<\/li><\/ul>\n\n\n\n<p><em>Buvette et petite restauration sur place<\/em><\/p>\n\n\n\n<h2 class=\"wp-block-heading\">Appel aux b\u00e9n\u00e9voles<\/h2>\n\n\n\n<p><\/p>\n\n\n\n<p>Pour permettre le bon d\u00e9roulement du carnaval 2025, <strong>les APE font un appel aux <span class=\"has-inline-color has-vivid-green-cyan-color\">b\u00e9n\u00e9voles<\/span><\/strong> via ce formulaire <strong><a href=\"https:\/\/forms.gle\/FG15Unn5Y3x2v1Qr6\" target=\"_blank\" rel=\"noreferrer noopener\">&gt;ICI&lt;<\/a><\/strong><\/p>\n\n\n\n<p>Les APE ont \u00e9galement besoin de g\u00e2teaux sucr\u00e9s \u00e0 vendre au profit des APE lors du go\u00fbter, de la m\u00eame fa\u00e7on vous pouvez vous inscrire sur le formulaire ci dessus !<\/p>\n\n\n\n<p><strong>M\u00eame seulement 30 minutes de votre temps nous permettront de r\u00e9ussir cette apr\u00e8s midi festive !!<\/strong><\/p>\n<\/div><\/div>\n\n\n\n<h2 class=\"wp-block-heading\">O\u00f9 ? <\/h2>\n\n\n\n<p><strong>D\u00e9part et arriv\u00e9e du cort\u00e8ge<\/strong> : d\u00e9part de \u00ab\u00a0Sous Lettraz\u00a0\u00bb \u00e0 15h00<\/p>\n\n\n\n<p><\/p>\n","protected":false},"excerpt":{"rendered":"<p>Date : samedi 29 mars 2025 Programme des festivit\u00e9s 14h00 : accueil au complexe sous-lettraz 15h00 : D\u00e9part de la parade au complexe Sous-Lettraz 15h00 : Prestation musicale de LEIM&#8230;<\/p>\n","protected":false},"author":4,"featured_media":0,"parent":0,"menu_order":0,"comment_status":"closed","ping_status":"closed","template":"","meta":{"_EventAllDay":false,"_EventTimezone":"","_EventStartDate":"","_EventEndDate":"","_EventStartDateUTC":"","_EventEndDateUTC":"","_EventShowMap":false,"_EventShowMapLink":false,"_EventURL":"","_EventCost":"","_EventCostDescription":"","_EventCurrencySymbol":"","_EventCurrencyCode":"","_EventCurrencyPosition":"","_EventDateTimeSeparator":"","_EventTimeRangeSeparator":"","_EventOrganizerID":[],"_EventVenueID":[],"_OrganizerEmail":"","_OrganizerPhone":"","_OrganizerWebsite":"","_VenueAddress":"","_VenueCity":"","_VenueCountry":"","_VenueProvince":"","_VenueState":"","_VenueZip":"","_VenuePhone":"","_VenueURL":"","_VenueStateProvince":"","_VenueLat":"","_VenueLng":"","_VenueShowMap":false,"_VenueShowMapLink":false,"_kad_post_transparent":"","_kad_post_title":"","_kad_post_layout":"","_kad_post_sidebar_id":"","_kad_post_content_style":"","_kad_post_vertical_padding":"","_kad_post_feature":"","_kad_post_feature_position":"","_kad_post_header":false,"_kad_post_footer":false,"_kad_post_classname":"","footnotes":""},"class_list":["post-767","page","type-page","status-publish","hentry"],"_links":{"self":[{"href":"https:\/\/apetuilerie.fr\/wp-json\/wp\/v2\/pages\/767","targetHints":{"allow":["GET"]}}],"collection":[{"href":"https:\/\/apetuilerie.fr\/wp-json\/wp\/v2\/pages"}],"about":[{"href":"https:\/\/apetuilerie.fr\/wp-json\/wp\/v2\/types\/page"}],"author":[{"embeddable":true,"href":"https:\/\/apetuilerie.fr\/wp-json\/wp\/v2\/users\/4"}],"replies":[{"embeddable":true,"href":"https:\/\/apetuilerie.fr\/wp-json\/wp\/v2\/comments?post=767"}],"version-history":[{"count":5,"href":"https:\/\/apetuilerie.fr\/wp-json\/wp\/v2\/pages\/767\/revisions"}],"predecessor-version":[{"id":774,"href":"https:\/\/apetuilerie.fr\/wp-json\/wp\/v2\/pages\/767\/revisions\/774"}],"wp:attachment":[{"href":"https:\/\/apetuilerie.fr\/wp-json\/wp\/v2\/media?parent=767"}],"curies":[{"name":"wp","href":"https:\/\/api.w.org\/{rel}","templated":true}]}}