{"id":34,"date":"2019-09-15T23:21:29","date_gmt":"2019-09-15T21:21:29","guid":{"rendered":"https:\/\/apetuilerie.fr\/?page_id=34"},"modified":"2022-11-08T16:30:03","modified_gmt":"2022-11-08T15:30:03","slug":"carte-ape","status":"publish","type":"page","link":"https:\/\/apetuilerie.fr\/index.php\/carte-ape\/","title":{"rendered":"Carte APE"},"content":{"rendered":"\n<h1 class=\"wp-block-heading\" id=\"cc-m-header-9255304584\">A\nquoi \u00e7a sert&nbsp;?<\/h1>\n\n\n\n<p>La carte APE sert de moyen de paiement \u00e0 chacune des  manifestations organis\u00e9es par l\u2019APE : boum, f\u00eate de l\u2019\u00e9cole, f\u00eate de No\u00ebl, etc \u2026. <\/p>\n\n\n\n<h1 class=\"wp-block-heading\" id=\"cc-m-header-9255304884\">Prix&nbsp;?<\/h1>\n\n\n\n<p>La carte, sans limite de validit\u00e9, co\u00fbte 5\u20ac pour 10 cases ou 10\u20ac pour 20 cases, soit 0,50\u20ac la case <\/p>\n\n\n\n<h1 class=\"wp-block-heading\" id=\"cc-m-header-9255311784\">Comment\nl\u2019obtenir&nbsp;?<\/h1>\n\n\n\n<p>Les cartes sont mises en vente\u00a0lors des diff\u00e9rents \u00e9v\u00e9nements de l\u2019APE<\/p>\n\n\n\n<p><\/p>\n","protected":false},"excerpt":{"rendered":"<p>A quoi \u00e7a sert&nbsp;? La carte APE sert de moyen de paiement \u00e0 chacune des manifestations organis\u00e9es par l\u2019APE : boum, f\u00eate de l\u2019\u00e9cole, f\u00eate de No\u00ebl, etc \u2026. Prix&nbsp;? La carte, sans limite de validit\u00e9, co\u00fbte 5\u20ac pour 10 cases ou 10\u20ac pour 20 cases, soit 0,50\u20ac la case Comment l\u2019obtenir&nbsp;? Les cartes sont mises en vente\u00a0lors des diff\u00e9rents \u00e9v\u00e9nements de l\u2019APE<\/p>\n","protected":false},"author":4,"featured_media":0,"parent":0,"menu_order":0,"comment_status":"closed","ping_status":"closed","template":"","meta":{"footnotes":""},"class_list":["post-34","page","type-page","status-publish","hentry"],"yoast_head":"<!-- This site is optimized with the Yoast SEO plugin v27.2 - https:\/\/yoast.com\/product\/yoast-seo-wordpress\/ -->\n<title>Carte APE - APE tuilerie<\/title>\n<meta name=\"robots\" content=\"index, follow, max-snippet:-1, max-image-preview:large, max-video-preview:-1\" \/>\n<link rel=\"canonical\" href=\"https:\/\/apetuilerie.fr\/index.php\/carte-ape\/\" \/>\n<meta property=\"og:locale\" content=\"fr_FR\" \/>\n<meta property=\"og:type\" content=\"article\" \/>\n<meta property=\"og:title\" content=\"Carte APE - APE tuilerie\" \/>\n<meta property=\"og:description\" content=\"A quoi \u00e7a sert&nbsp;? La carte APE sert de moyen de paiement \u00e0 chacune des manifestations organis\u00e9es par l\u2019APE : boum, f\u00eate de l\u2019\u00e9cole, f\u00eate de No\u00ebl, etc \u2026. Prix&nbsp;? La carte, sans limite de validit\u00e9, co\u00fbte 5\u20ac pour 10 cases ou 10\u20ac pour 20 cases, soit 0,50\u20ac la case Comment l\u2019obtenir&nbsp;? Les cartes sont mises en vente\u00a0lors des diff\u00e9rents \u00e9v\u00e9nements de l\u2019APE\" \/>\n<meta property=\"og:url\" content=\"https:\/\/apetuilerie.fr\/index.php\/carte-ape\/\" \/>\n<meta property=\"og:site_name\" content=\"APE tuilerie\" \/>\n<meta property=\"article:publisher\" content=\"https:\/\/www.facebook.com\/ape.tuilerie\" \/>\n<meta property=\"article:modified_time\" content=\"2022-11-08T15:30:03+00:00\" \/>\n<meta property=\"og:image\" content=\"https:\/\/apetuilerie.fr\/wp-content\/uploads\/2019\/09\/APE-Facebook.jpg\" \/>\n\t<meta property=\"og:image:width\" content=\"650\" \/>\n\t<meta property=\"og:image:height\" content=\"650\" \/>\n\t<meta property=\"og:image:type\" content=\"image\/jpeg\" \/>\n<meta name=\"twitter:card\" content=\"summary_large_image\" \/>\n<script type=\"application\/ld+json\" class=\"yoast-schema-graph\">{\"@context\":\"https:\/\/schema.org\",\"@graph\":[{\"@type\":\"WebPage\",\"@id\":\"https:\/\/apetuilerie.fr\/index.php\/carte-ape\/\",\"url\":\"https:\/\/apetuilerie.fr\/index.php\/carte-ape\/\",\"name\":\"Carte APE - APE tuilerie\",\"isPartOf\":{\"@id\":\"https:\/\/apetuilerie.fr\/#website\"},\"datePublished\":\"2019-09-15T21:21:29+00:00\",\"dateModified\":\"2022-11-08T15:30:03+00:00\",\"breadcrumb\":{\"@id\":\"https:\/\/apetuilerie.fr\/index.php\/carte-ape\/#breadcrumb\"},\"inLanguage\":\"fr-FR\",\"potentialAction\":[{\"@type\":\"ReadAction\",\"target\":[\"https:\/\/apetuilerie.fr\/index.php\/carte-ape\/\"]}]},{\"@type\":\"BreadcrumbList\",\"@id\":\"https:\/\/apetuilerie.fr\/index.php\/carte-ape\/#breadcrumb\",\"itemListElement\":[{\"@type\":\"ListItem\",\"position\":1,\"name\":\"Accueil\",\"item\":\"https:\/\/apetuilerie.fr\/\"},{\"@type\":\"ListItem\",\"position\":2,\"name\":\"Carte APE\"}]},{\"@type\":\"WebSite\",\"@id\":\"https:\/\/apetuilerie.fr\/#website\",\"url\":\"https:\/\/apetuilerie.fr\/\",\"name\":\"APE tuilerie\",\"description\":\"Et si on en faisait encore plus ?\",\"publisher\":{\"@id\":\"https:\/\/apetuilerie.fr\/#organization\"},\"potentialAction\":[{\"@type\":\"SearchAction\",\"target\":{\"@type\":\"EntryPoint\",\"urlTemplate\":\"https:\/\/apetuilerie.fr\/?s={search_term_string}\"},\"query-input\":{\"@type\":\"PropertyValueSpecification\",\"valueRequired\":true,\"valueName\":\"search_term_string\"}}],\"inLanguage\":\"fr-FR\"},{\"@type\":\"Organization\",\"@id\":\"https:\/\/apetuilerie.fr\/#organization\",\"name\":\"APE tuilerie\",\"url\":\"https:\/\/apetuilerie.fr\/\",\"logo\":{\"@type\":\"ImageObject\",\"inLanguage\":\"fr-FR\",\"@id\":\"https:\/\/apetuilerie.fr\/#\/schema\/logo\/image\/\",\"url\":\"https:\/\/apetuilerie.fr\/wp-content\/uploads\/2019\/09\/APE-Facebook.jpg\",\"contentUrl\":\"https:\/\/apetuilerie.fr\/wp-content\/uploads\/2019\/09\/APE-Facebook.jpg\",\"width\":650,\"height\":650,\"caption\":\"APE tuilerie\"},\"image\":{\"@id\":\"https:\/\/apetuilerie.fr\/#\/schema\/logo\/image\/\"},\"sameAs\":[\"https:\/\/www.facebook.com\/ape.tuilerie\"]}]}<\/script>\n<!-- \/ Yoast SEO plugin. -->","yoast_head_json":{"title":"Carte APE - APE tuilerie","robots":{"index":"index","follow":"follow","max-snippet":"max-snippet:-1","max-image-preview":"max-image-preview:large","max-video-preview":"max-video-preview:-1"},"canonical":"https:\/\/apetuilerie.fr\/index.php\/carte-ape\/","og_locale":"fr_FR","og_type":"article","og_title":"Carte APE - APE tuilerie","og_description":"A quoi \u00e7a sert&nbsp;? La carte APE sert de moyen de paiement \u00e0 chacune des manifestations organis\u00e9es par l\u2019APE : boum, f\u00eate de l\u2019\u00e9cole, f\u00eate de No\u00ebl, etc \u2026. Prix&nbsp;? La carte, sans limite de validit\u00e9, co\u00fbte 5\u20ac pour 10 cases ou 10\u20ac pour 20 cases, soit 0,50\u20ac la case Comment l\u2019obtenir&nbsp;? Les cartes sont mises en vente\u00a0lors des diff\u00e9rents \u00e9v\u00e9nements de l\u2019APE","og_url":"https:\/\/apetuilerie.fr\/index.php\/carte-ape\/","og_site_name":"APE tuilerie","article_publisher":"https:\/\/www.facebook.com\/ape.tuilerie","article_modified_time":"2022-11-08T15:30:03+00:00","og_image":[{"width":650,"height":650,"url":"https:\/\/apetuilerie.fr\/wp-content\/uploads\/2019\/09\/APE-Facebook.jpg","type":"image\/jpeg"}],"twitter_card":"summary_large_image","schema":{"@context":"https:\/\/schema.org","@graph":[{"@type":"WebPage","@id":"https:\/\/apetuilerie.fr\/index.php\/carte-ape\/","url":"https:\/\/apetuilerie.fr\/index.php\/carte-ape\/","name":"Carte APE - APE tuilerie","isPartOf":{"@id":"https:\/\/apetuilerie.fr\/#website"},"datePublished":"2019-09-15T21:21:29+00:00","dateModified":"2022-11-08T15:30:03+00:00","breadcrumb":{"@id":"https:\/\/apetuilerie.fr\/index.php\/carte-ape\/#breadcrumb"},"inLanguage":"fr-FR","potentialAction":[{"@type":"ReadAction","target":["https:\/\/apetuilerie.fr\/index.php\/carte-ape\/"]}]},{"@type":"BreadcrumbList","@id":"https:\/\/apetuilerie.fr\/index.php\/carte-ape\/#breadcrumb","itemListElement":[{"@type":"ListItem","position":1,"name":"Accueil","item":"https:\/\/apetuilerie.fr\/"},{"@type":"ListItem","position":2,"name":"Carte APE"}]},{"@type":"WebSite","@id":"https:\/\/apetuilerie.fr\/#website","url":"https:\/\/apetuilerie.fr\/","name":"APE tuilerie","description":"Et si on en faisait encore plus ?","publisher":{"@id":"https:\/\/apetuilerie.fr\/#organization"},"potentialAction":[{"@type":"SearchAction","target":{"@type":"EntryPoint","urlTemplate":"https:\/\/apetuilerie.fr\/?s={search_term_string}"},"query-input":{"@type":"PropertyValueSpecification","valueRequired":true,"valueName":"search_term_string"}}],"inLanguage":"fr-FR"},{"@type":"Organization","@id":"https:\/\/apetuilerie.fr\/#organization","name":"APE tuilerie","url":"https:\/\/apetuilerie.fr\/","logo":{"@type":"ImageObject","inLanguage":"fr-FR","@id":"https:\/\/apetuilerie.fr\/#\/schema\/logo\/image\/","url":"https:\/\/apetuilerie.fr\/wp-content\/uploads\/2019\/09\/APE-Facebook.jpg","contentUrl":"https:\/\/apetuilerie.fr\/wp-content\/uploads\/2019\/09\/APE-Facebook.jpg","width":650,"height":650,"caption":"APE tuilerie"},"image":{"@id":"https:\/\/apetuilerie.fr\/#\/schema\/logo\/image\/"},"sameAs":["https:\/\/www.facebook.com\/ape.tuilerie"]}]}},"_links":{"self":[{"href":"https:\/\/apetuilerie.fr\/index.php\/wp-json\/wp\/v2\/pages\/34","targetHints":{"allow":["GET"]}}],"collection":[{"href":"https:\/\/apetuilerie.fr\/index.php\/wp-json\/wp\/v2\/pages"}],"about":[{"href":"https:\/\/apetuilerie.fr\/index.php\/wp-json\/wp\/v2\/types\/page"}],"author":[{"embeddable":true,"href":"https:\/\/apetuilerie.fr\/index.php\/wp-json\/wp\/v2\/users\/4"}],"replies":[{"embeddable":true,"href":"https:\/\/apetuilerie.fr\/index.php\/wp-json\/wp\/v2\/comments?post=34"}],"version-history":[{"count":4,"href":"https:\/\/apetuilerie.fr\/index.php\/wp-json\/wp\/v2\/pages\/34\/revisions"}],"predecessor-version":[{"id":377,"href":"https:\/\/apetuilerie.fr\/index.php\/wp-json\/wp\/v2\/pages\/34\/revisions\/377"}],"wp:attachment":[{"href":"https:\/\/apetuilerie.fr\/index.php\/wp-json\/wp\/v2\/media?parent=34"}],"curies":[{"name":"wp","href":"https:\/\/api.w.org\/{rel}","templated":true}]}}